git of 1401?
4
What is the ten thousands digit of 15033?
1
What is the tens digit of 404?
0
What is the thousands digit of 1284?
1
What is the units digit of 320?
0
What is the hundred thousands digit of 121835?
1
What is the tens digit of 92?
9
What is the thousands digit of 2195?
2
What is the units digit of 4504?
4
What is the thousands digit of 2202?
2
What is the tens digit of 7950?
5
What is the ten thousands digit of 20430?
2
What is the tens digit of 1755?
5
What is the tens digit of 3971?
7
What is the tens digit of 64198?
9
What is the hundreds digit of 348?
3
What is the tens digit of 79?
7
What is the thousands digit of 27591?
7
What is the tens digit of 2302?
0
What is the units digit of 7194?
4
What is the tens digit of 47?
4
What is the units digit of 81892?
2
What is the thousands digit of 136798?
6
What is the hundreds digit of 1422?
4
What is the ten thousands digit of 13105?
1
What is the hundreds digit of 1507?
5
What is the thousands digit of 43929?
3
What is the tens digit of 2103?
0
What is the units digit of 8165?
5
What is the thousands digit of 1202?
1
What is the units digit of 3514?
4
What is the hundreds digit of 37385?
3
What is the tens digit of 4237?
3
What is the hundreds digit of 171?
1
What is the hundreds digit of 5666?
6
What is the units digit of 1064?
4
What is the hundreds digit of 2135?
1
What is the hundreds digit of 3766?
7
What is the units digit of 20743?
3
What is the thousands digit of 4137?
4
What is the tens digit of 12273?
7
What is the units digit of 9227?
7
What is the tens digit of 777?
7
What is the hundreds digit of 858?
8
What is the hundreds digit of 18583?
5
What is the tens digit of 30215?
1
What is the hundred thousands digit of 138408?
1
What is the tens digit of 26010?
1
What is the ten thousands digit of 27033?
2
What is the units digit of 71761?
1
What is the thousands digit of 14212?
4
What is the hundreds digit of 3222?
2
What is the tens digit of 19320?
2
What is the units digit of 601?
1
What is the tens digit of 9389?
8
What is the hundreds digit of 12111?
1
What is the tens digit of 546?
4
What is the ten thousands digit of 36582?
3
What is the tens digit of 12542?
4
What is the thousands digit of 7894?
7
What is the hundreds digit of 6009?
0
What is the hundreds digit of 673?
6
What is the thousands digit of 8692?
8
What is the units digit of 6466?
6
What is the hundreds digit of 16052?
0
What is the units digit of 486?
6
What is the ten thousands digit of 10279?
1
What is the tens digit of 6969?
6
What is the tens digit of 5216?
1
What is the tens digit of 1570?
7
What is the units digit of 3387?
7
What is the hundreds digit of 11424?
4
What is the tens digit of 903?
0
What is the units digit of 120712?
2
What is the hundreds digit of 24603?
6
What is the hundreds digit of 2610?
6
What is the hundreds digit of 923?
9
What is the thousands digit of 10409?
0
What is the units digit of 1755?
5
What is the thousands digit of 36705?
6
What is the units digit of 49075?
5
What is the tens digit of 96450?
5
What is the tens digit of 62759?
5
What is the thousands digit of 102463?
2
What is the tens digit of 4577?
7
What is the units digit of 7026?
6
What is the hundreds digit of 844?
8
What is the hundreds digit of 5602?
6
What is the hundreds digit of 12523?
5
What is the tens digit of 2590?
9
What is the hundreds digit of 528?
5
What is the hundreds digit of 1303?
3
What is the hundreds digit of 3355?
3
What is the units digit of 21115?
5
What is the thousands digit of 41503?
1
What is the thousands digit of 5578?
5
What is the hundreds digit of 6548?
5
What is the thousands digit of 5323?
5
What is the units digit of 1248?
8
What is the tens digit of 720?
2
What is the tens digit of 550?
5
What is the units digit of 67036?
6
What is the tens digit of 39549?
4
What is the hundreds digit of 103253?
2
What is the thousands digit of 8993?
8
What is the units digit of 55722?
2
What is the units digit of 391?
1
What is the ten thousands digit of 14620?
1
What is the thousands digit of 4889?
4
What is the hundreds digit of 55012?
0
What is the units digit of 140057?
7
What is the ten thousands digit of 11607?
1
What is the hundreds digit of 37944?
9
What is the hundreds digit of 9922?
9
What is the hundreds digit of 467?
4
What is the units digit of 13215?
5
What is the hundreds digit of 848?
8
What is the tens digit of 1558?
5
What is the thousands digit of 10371?
0
What is the ten thousands digit of 18922?
1
What is the ten thousands digit of 12036?
1
What is the tens digit of 82663?
6
What is the units digit of 182?
2
What is the thousands digit of 1243?
1
What is the units digit of 28356?
6
What is the units digit of 3566?
6
What is the thousands digit of 43508?
3
What is the ten thousands digit of 67616?
6
What is the tens digit of 663?
6
What is the units digit of 9139?
9
What is the hundreds digit of 1562?
5
What is the tens digit of 1447?
4
What is the hundreds digit of 148312?
3
What is the thousands digit of 3176?
3
What is the tens digit of 159798?
9
What is the hundreds digit of 3350?
3
What is the units digit of 10400?
0
What is the tens digit of 412?
1
What is the units digit of 17286?
6
What is the units digit of 1410?
0
What is the tens digit of 3343?
4
What is the hundreds digit of 60108?
1
What is the hundreds digit of 49966?
9
What is the units digit of 30700?
0
What is the tens digit of 6713?
1
What is the units digit of 156?
6
What is the units digit of 66779?
9
What is the tens digit of 4090?
9
What is the tens digit of 668?
6
What is the thousands digit of 11470?
1
What is the hundreds digit of 4511?
5
What is the thousands digit of 3115?
3
What is the units digit of 12209?
9
What is the tens digit of 16?
1
What is the thousands digit of 9602?
9
What is the thousands digit of 15268?
5
What is the thousands digit of 25544?
5
What is the tens digit of 20584?
8
What is the tens digit of 7979?
7
What is the units digit of 314?
4
What is the thousands digit of 5107?
5
What is the units digit of 454?
4
What is the units digit of 1503?
3
What is the units digit of 6845?
5
What is the units digit of 81188?
8
What is the tens digit of 14637?
3
What is the thousands digit of 1483?
1
What is the units digit of 482?
2
What is the thousands digit of 13427?
3
What is the thousands digit of 148642?
8
What is the hundreds digit of 1393?
3
What is the hundreds digit of 3473?
4
What is the tens digit of 2269?
6
What is the units digit of 175?
5
What is the tens digit of 81059?
5
What is the ten thousands digit of 19085?
1
What is the units digit of 114790?
0
What is the units digit of 131?
1
What is the hundreds digit of 2071?
0
What is the units digit of 42711?
1
What is the tens digit of 11554?
5
What is the tens digit of 47?
4
What is the units digit of 19361?
1
What is the tens digit of 1560?
6
What is the hundreds digit of 9266?
2
What is the hundreds digit of 492?
4
What is the thousands digit of 4969?
4
What is the tens digit of 4917?
1
What is the thousands digit of 46183?
6
What is the tens digit of 162086?
8
What is the units digit of 1461?
1
What is the units digit of 99?
9
What is the ten thousands digit of 30974?
3
What is the thousands digit of 16243?
6
What is the tens digit of 148761?
6
What is the ten thousands digit of 11944?
1
What is the hundreds digit of 4544?
5
What is the ten thousands digit of 20147?
2
What is the units digit of 829?
9
What is the tens digit of 53706?
0
What is the units digit of 2860?
0
What is the tens digit of 2146?
4
What is the hundreds digit of 3452?
4
What is the tens digit of 12883?
8
What is the tens digit of 135?
3
What is the ten thousands digit of 74484?
7
What is the hundreds digit of 16813?
8
What is the units digit of 6625?
5
What is the thousands digit of 19084?
9
What is the tens digit of 3128?
2
What is the tens digit of 2629?
2
What is the hundreds digit of 4677?
6
What is the tens digit of 3517?
1
What is the thousands digit of 27601?
7
What is the tens digit of 89465?
6
What is the tens digit of 6826?
2
What is the tens digit of 320?
2
What is the hundreds digit of 3498?
4
What is the tens digit of 74?
7
What is the hundreds digit of 22532?
5
What is the units digit of 39?
9
What is the units digit of 16754?
4
Wha